 11100010111 - -10011001?
11110110000
In base 14, what is -9370 + -1240?
-a5b0
In base 5, what is -134040343210 + -2?
-134040343212
In base 7, what is 50615422 + 16?
50615441
In base 8, what is -4633174 - -5?
-4633167
In base 8, what is -4526223 + -1?
-4526224
In base 10, what is 4241 + -967?
3274
In base 16, what is -14636 + 5a?
-145dc
In base 5, what is -111422144 + -3?
-111422202
In base 10, what is 6551 - 476?
6075
In base 14, what is -a35a3 - a8?
-a366b
In base 9, what is 8 - 10800875?
-10800866
In base 7, what is -4535 - 102262?
-110130
In base 4, what is -11 + 11000221200333?
11000221200322
In base 8, what is -76 + 603222?
603124
In base 13, what is 350c9 + -25?
350a4
In base 12, what is -453 - -240439?
23bba6
In base 4, what is 203 + 1121300001112?
1121300001321
In base 15, what is -146c18e - -4?
-146c18a
In base 4, what is 102301131 + 1120?
102302311
In base 7, what is -2 + 1201510050?
1201510045
In base 7, what is 200062 - -15406?
215501
In base 9, what is -665205416 - 5?
-665205422
In base 14, what is -39 - -44553?
44518
In base 9, what is -2185 - -334?
-1751
In base 14, what is -2c15 - 11431?
-14246
In base 5, what is 122122133 + 123?
122122311
In base 2, what is -11001100100111101010 + -11001110?
-11001100101010111000
In base 2, what is 1001110011 - -101000101110?
110010100001
In base 2, what is 100110 + 10111010001000000000110?
10111010001000000101100
In base 15, what is 1bc6 + acad?
c984
In base 12, what is 22a05982 + -2?
22a05980
In base 7, what is 1230310 + -15534?
1211443
In base 10, what is 11695 - -121?
11816
In base 3, what is 12002211100022012 + -20?
12002211100021222
In base 15, what is 6250 - 22d0?
3e70
In base 15, what is c - -ebbcd?
ebbda
In base 14, what is -a6c - 888?
-1516
In base 16, what is -1ec20c2 + 5?
-1ec20bd
In base 11, what is 6a3920 - -4?
6a3924
In base 7, what is 11012 + -3132?
4550
In base 10, what is 4405877 - 1?
4405876
In base 15, what is -6 + a02a7b8?
a02a7b2
In base 7, what is 12530 + -12214?
313
In base 9, what is -25482550 - 3?
-25482553
In base 6, what is -254332420 + 1?
-254332415
In base 9, what is 5 - 31717430?
-31717424
In base 14, what is -393b - dc97?
-137d4
In base 3, what is 1112101011111 - -11?
1112101011122
In base 6, what is 1523455 - -22114?
1550013
In base 9, what is 5 - -25510531?
25510536
In base 13, what is -21 + -7967c8?
-796819
In base 10, what is 7515708 + -3?
7515705
In base 5, what is 401221330 - 0?
401221330
In base 4, what is -120 - -111233111130?
111233111010
In base 3, what is -21222212102 - -210102?
-21222002000
In base 6, what is 254 + -1353111?
-1352413
In base 16, what is 1d7f9 - 7f?
1d77a
In base 9, what is -21 + 14320?
14288
In base 10, what is 1792 - -237092?
238884
In base 5, what is 44 - -203241302?
203241401
In base 9, what is -486 - -26712?
26215
In base 13, what is 66771 + 58?
667c9
In base 15, what is 2 - -13035?
13037
In base 8, what is 26725 - -2706?
31633
In base 13, what is 653a5 + -342?
65063
In base 6, what is -2 + 50202013515?
50202013513
In base 6, what is -24 - 513253142?
-513253210
In base 15, what is -1b4908 - -17?
-1b48e1
In base 16, what is 2 - 1506447?
-1506445
In base 9, what is 1 + 6651404?
6651405
In base 4, what is -30110200 + 2001?
-30102133
In base 2, what is -10010110001000000101 + -1000?
-10010110001000001101
In base 3, what is -1221112212 + 10?
-1221112202
In base 15, what is -13257d2d - -3?
-13257d2a
In base 5, what is 3 + -12434430241?
-12434430233
In base 11, what is -3628942 + -5?
-3628947
In base 14, what is 3a + 748b6?
74912
In base 6, what is 40101 - -32055?
112200
In base 15, what is -5dd - 350b?
-3ae9
In base 11, what is -4a8831 - -21?
-4a8810
In base 5, what is -11201 - -4404103?
4342402
In base 14, what is 4dc - -9096?
9594
In base 9, what is -6732 + 10147?
2315
In base 15, what is 57e6 - -7?
57ed
In base 4, what is -2200303113 + 10131?
-2200232322
In base 15, what is -22c - c7ed0?
-c820c
In base 5, what is -1440 + 14342242?
14340302
In base 4, what is -100321102 - 10201?
-100331303
In base 6, what is -1222003 + 4303?
-1213300
In base 3, what is -1200200101 + -20100?
-1200220201
In base 15, what is 71bcc3 - 4?
71bcbe
In base 16, what is -f9e382 + -2?
-f9e384
In base 9, what is -5 - 68606218?
-68606224
In base 3, what is 1021 + 112111020010101?
112111020011122
In base 11, what is -373 - 1679762?
-167a025
In base 6, what is 440 - 402421?
-401541
In base 7, what is 510 - 5612213?
-5611403
In base 10, what is 2 - 6075906?
-6075904
In base 6, what is 345521300 + 2?
345521302
In base 4, what is -3103 + -1033201212?
-1033210321
In base 6, what is 14100 - 24411?
-10311
In base 13, what is 7 + -8c0215?
-8c020b
In base 7, what is -124134 - -100101?
-24033
In base 12, what is -1a9a520 - 36?
-1a9a556
In base 11, what is 22 - -15a0244?
15a0266
In base 3, what is -1122210 + -21021112102?
-21100012012
In base 16, what is 1a8 - -19593d?
195ae5
In base 4, what is 1 - 121221112201?
-121221112200
In base 10, what is 175654 + -41?
175613
In base 16, what is 116e + 6b63?
7cd1
In base 4, what is -10213022313 - -3?
-10213022310
In base 15, what is -2 + 9dd3e5?
9dd3e3
In base 3, what is 2 - -201200011202010?
201200011202012
In base 14, what is 12564581 - -3?
12564584
In base 3, what is -1101222220211 - -202121?
-1101222011020
In base 10, what is 80 + 26184?
26264
In base 8, what is -3 - 274413?
-274416
In base 5, what is 40 + -14010122422?
-14010122332
In base 2, what is 100011001101000110000010101 - 1?
100011001101000110000010100
In base 3, what is 1112102211020220111 + 10?
1112102211020220121
In base 12, what is -142 - 16171?
-162b3
In base 15, what is 4c0280 - 1?
4c027e
In base 13, what is 6387 - 61?
6326
In base 2, what is -11111111101 + 1000111001?
-10111000100
In base 11, what is -2a72 - 856?
-3818
In base 6, what is 1 - 1005234401?
-1005234400
In base 11, what is -3387 - -6414?
3038
In base 5, what is 33022220441 - 14?
33022220422
In base 13, what is 2149 - -1a9?
2325
In base 2, what is 111001111010110 - 1000100000101?
110001011010001
In base 12, what is 32812a + 11?
32813b
In base 9, what is -124333 - 445?
-124778
In base 3, what is 2021002002222 - 100?
2021002002122
In base 5, what is 10 + 332003210?
332003220
In base 16, what is -16ce + 1293?
-43b
In base 8, what is -4664 - 462?
-5346
In base 3, what is 11 - -11010101021201120?
11010101021201201
In base 15, what is 3b + -db1e?
-dad3
In base 14, what is 5 - 3da986?
-3da981
In base 6, what is 10542 - -4543?
15525
In base 13, what is 34210a5 + 3?
34210a8
In base 8, what is 70054 + 3544?
73620
In base 13, what is 16 - -a4baa?
a4bc3
In base 15, what is -e8b160 - 3?
-e8b163
In base 15, what is -251 - -41501?
412a0
In base 8, what is 5 - 5472241?
-5472234
In base 9, what is 7 + -3346882?
-3346874
In base 13, what is 24080 - -23?
240a3
In base 15, what is -7bcc5 + b3?
-7bc12
In base 13, what is 1bb697b - -3?
1bb6981
In base 2, what is -1111110000 + -1010000100001011?
-1010010011111011
In base 10, what is -606735 + 28?
-606707
In base 16, what is -57dd + 3246?
-2597
In base 11, what is 361 + 15496?
15847
In base 10, what is -1828 + -31747?
-33575
In base 13, what is 100156 + 47?
1001a0
In base 16, what is 477 + -106cd?
-10256
In base 7, what is -1112321 + 11?
-1112310
In base 16, what is 6cc0 + -111?
6baf
In base 16, what is -bb + -877f3?
-878ae
In base 4, what is 1102122122103 + 2?
1102122122111
In base 13, what is 4 + -14cb93?
-14cb8c
In base 9, what is -168724 - -52?
-168662
In base 7, what is 0 + -1041204514?
-1041204514
In base 14, what is -380 - -563d9?
56059
In base 10, what is 4 + 25293054?
25293058
In base 13, what is 35c - 17156?
-16ac7
In base 14, what is 429 + 15197?
155c2
In base 2, what is -10001111101000 - 10010010000011111?
-10100100000000111
In base 11, what is 1189a2 - 787?
118216
In base 11, what is 124226 - -74?
12429a
In base 13, what is -16a3470c + 1?
-16a3470b
In base 7, what is -54366036 + -4?
-54366043
In base 11, what is 11a403 + -140?
11a273
In base 14, what is 18b9d9 - -65?
18ba60
In base 16, what is -3163e - -1d?
-31621
In base 5, what is -4 + 30234411412?
30234411403
In base 15, what is 99b66c - -3a?
99b6a7
In base 5, what is 401303132 - 24?
401303103
In base 10, what is 1432441 - 13?
1432428
In base 14, what is dd000 + 55?
dd055
In base 14, what is 31c3 + -178?
3